5 is divided by 11?
4
Calculate the remainder when 1195 is divided by 1079.
116
Calculate the remainder when 20147 is divided by 27.
5
Calculate the remainder when 789128 is divided by 99.
98
What is the remainder when 9952 is divided by 428?
108
What is the remainder when 26406 is divided by 264?
6
Calculate the remainder when 20485 is divided by 71.
37
Calculate the remainder when 264541 is divided by 4199.
4
What is the remainder when 163331 is divided by 36?
35
Calculate the remainder when 40344 is divided by 592.
88
Calculate the remainder when 146776 is divided by 29351.
21
Calculate the remainder when 4157 is divided by 200.
157
What is the remainder when 4973 is divided by 127?
20
Calculate the remainder when 7666 is divided by 2529.
79
Calculate the remainder when 591 is divided by 247.
97
What is the remainder when 214100 is divided by 395?
10
What is the remainder when 201141 is divided by 87?
84
Calculate the remainder when 23475 is divided by 21.
18
Calculate the remainder when 477032 is divided by 79502.
20
What is the remainder when 11173 is divided by 847?
162
Calculate the remainder when 17765 is divided by 387.
350
Calculate the remainder when 13490 is divided by 3370.
10
What is the remainder when 71989 is divided by 3129?
22
What is the remainder when 16997 is divided by 1212?
29
What is the remainder when 44797 is divided by 4?
1
Calculate the remainder when 1082 is divided by 709.
373
What is the remainder when 42143 is divided by 34?
17
What is the remainder when 52306 is divided by 17?
14
Calculate the remainder when 302074 is divided by 18.
16
What is the remainder when 78081 is divided by 3393?
42
Calculate the remainder when 20189 is divided by 68.
61
What is the remainder when 4275 is divided by 511?
187
Calculate the remainder when 1130 is divided by 588.
542
What is the remainder when 1750 is divided by 352?
342
What is the remainder when 15232 is divided by 231?
217
Calculate the remainder when 3018 is divided by 415.
113
Calculate the remainder when 178991 is divided by 17.
15
Calculate the remainder when 2879 is divided by 58.
37
What is the remainder when 1592 is divided by 102?
62
What is the remainder when 11029 is divided by 566?
275
Calculate the remainder when 7991 is divided by 2655.
26
What is the remainder when 518 is divided by 19?
5
What is the remainder when 4180 is divided by 2076?
28
What is the remainder when 542 is divided by 482?
60
What is the remainder when 58287 is divided by 74?
49
What is the remainder when 6767 is divided by 139?
95
Calculate the remainder when 581469 is divided by 65.
44
Calculate the remainder when 158837 is divided by 333.
329
Calculate the remainder when 206 is divided by 104.
102
Calculate the remainder when 126001 is divided by 41985.
46
What is the remainder when 46052 is divided by 959?
20
Calculate the remainder when 252004 is divided by 83996.
16
What is the remainder when 485 is divided by 180?
125
What is the remainder when 20255 is divided by 175?
130
Calculate the remainder when 777915 is divided by 27.
18
Calculate the remainder when 50928 is divided by 414.
6
What is the remainder when 3142 is divided by 387?
46
What is the remainder when 144124 is divided by 690?
604
Calculate the remainder when 112033 is divided by 16003.
12
What is the remainder when 116074 is divided by 38637?
163
Calculate the remainder when 121270 is divided by 40392.
94
What is the remainder when 27988 is divided by 1641?
91
Calculate the remainder when 1731 is divided by 855.
21
What is the remainder when 1358 is divided by 103?
19
Calculate the remainder when 28180 is divided by 81.
73
What is the remainder when 59 is divided by 30?
29
What is the remainder when 8067 is divided by 39?
33
What is the remainder when 211245 is divided by 648?
645
What is the remainder when 10537 is divided by 41?
0
Calculate the remainder when 1899 is divided by 237.
3
Calculate the remainder when 419 is divided by 152.
115
Calculate the remainder when 3885 is divided by 9.
6
Calculate the remainder when 2288 is divided by 939.
410
What is the remainder when 25744 is divided by 1617?
1489
Calculate the remainder when 97323 is divided by 69.
33
Calculate the remainder when 38622 is divided by 1839.
3
Calculate the remainder when 825708 is divided by 137615.
18
Calculate the remainder when 10133 is divided by 722.
25
What is the remainder when 114514 is divided by 12723?
7
What is the remainder when 55976 is divided by 176?
8
What is the remainder when 64031 is divided by 163?
135
Calculate the remainder when 870849 is divided by 83.
13
What is the remainder when 102147 is divided by 2175?
2097
Calculate the remainder when 11728 is divided by 220.
68
What is the remainder when 1985 is divided by 1946?
39
Calculate the remainder when 84584 is divided by 9.
2
Calculate the remainder when 13575 is divided by 187.
111
Calculate the remainder when 5765191 is divided by 62.
59
What is the remainder when 580111 is divided by 32?
15
What is the remainder when 241 is divided by 102?
37
What is the remainder when 35057 is divided by 285?
2
What is the remainder when 28318 is divided by 80?
78
Calculate the remainder when 29970 is divided by 31.
24
What is the remainder when 52686 is divided by 240?
126
Calculate the remainder when 9298 is divided by 50.
48
Calculate the remainder when 1898 is divided by 378.
8
What is the remainder when 90913 is divided by 57?
55
What is the remainder when 6507 is divided by 10?
7
What is the remainder when 527302 is divided by 173?
171
Calculate the remainder when 23543 is divided by 14.
9
What is the remainder when 2514 is divided by 361?
348
What is the remainder when 26700 is divided by 2669?
10
What is the remainder when 110196 is divided by 55047?
102
Calculate the remainder when 19399 is divided by 806.
55
Calculate the remainder when 3020 is divided by 27.
23
What is the remainder when 12479 is divided by 351?
194
Calculate the remainder when 3282 is divided by 248.
58
What is the remainder when 46495 is divided by 2125?
1870
What is the remainder when 31241 is divided by 2596?
89
Calculate the remainder when 4972 is divided by 828.
4
Calculate the remainder when 1259 is divided by 1247.
12
Calculate the remainder when 276006 is divided by 137998.
10
What is the remainder when 354231 is divided by 82?
73
What is the remainder when 358315 is divided by 11?
1
What is the remainder when 2556643 is divided by 18?
13
What is the remainder when 6941 is divided by 6900?
41
Calculate the remainder when 5891 is divided by 75.
41
Calculate the remainder when 407 is divided by 203.
1
Calculate the remainder when 31695 is divided by 3154.
155
Calculate the remainder when 1380477 is divided by 89.
87
What is the remainder when 52445 is divided by 162?
119
Calculate the remainder when 973 is divided by 955.
18
What is the remainder when 39554 is divided by 13041?
431
What is the remainder when 611 is divided by 12?
11
What is the remainder when 2988 is divided by 1445?
98
What is the remainder when 41666 is divided by 52?
14
Calculate the remainder when 5748 is divided by 10.
8
What is the remainder when 44779 is divided by 49?
42
What is the remainder when 4968 is divided by 1393?
789
Calculate the remainder when 10758 is divided by 87.
57
What is the remainder when 11536 is divided by 18?
16
Calculate the remainder when 2363 is divided by 102.
17
What is the remainder when 745 is divided by 499?
246
Calculate the remainder when 1428 is divided by 276.
48
Calculate the remainder when 278 is divided by 178.
100
What is the remainder when 1045865 is divided by 134?
129
Calculate the remainder when 2895 is divided by 2007.
888
What is the remainder when 9908 is divided by 1?
0
Calculate the remainder when 1648 is divided by 772.
104
Calculate the remainder when 596 is divided by 206.
184
Calculate the remainder when 27946 is divided by 16.
10
What is the remainder when 10761 is divided by 6?
3
Calculate the remainder when 5169 is divided by 27.
12
What is the remainder when 70242 is divided by 35119?
4
Calculate the remainder when 17935 is divided by 618.
13
What is the remainder when 4346 is divided by 149?
25
What is the remainder when 1779366 is divided by 13480?
6
What is the r